 5*n - 15 = 0, -678*n + 171 = 5*c - 677*n. Suppose 4*w + w = 350. What is the greatest common divisor of c and w?
35
Let b be (22/2)/(6505/325 - 20). What is the greatest common divisor of b and 325?
65
Suppose 3*a + 0*g - 8 = g, -10 = 5*g. Let v(n) = 5*n**2 + 0*n**a - 6*n**2 - 11 - 1 - 21*n. Let q be v(-17). What is the highest common factor of q and 42?
14
Let t be 833 - (6/2)/(-3). Suppose 11438*i = 11441*i - 5*b + 47, -3*b = 3*i - 57. What is the greatest common factor of i and t?
6
Let j(y) = y**2 + 8*y + 17. Let b be j(-6). Suppose -4*v - 119 = -b*v. Let n = -20 + v. Calculate the highest common divisor of 11 and n.
11
Let b = -102 - -104. Suppose 4*d + 972 = 4*c, 0 = 2*c + c + b*d - 714. Let t = -62 + 110. What is the highest common divisor of c and t?
48
Let l be 126/(-54) - 1/(-3) - 6. Let n(b) = -b + 12. Let q be n(l). What is the greatest common factor of 500 and q?
20
Let z be 2284/8*(-1 - 0)*2. Let f = z + 638. Calculate the greatest common divisor of 268 and f.
67
Suppose -17*g + 442 = 9*g. Suppose 4*i - 70 = 2*f, 2*i - 16*f = -g*f + 45. Calculate the highest common divisor of 110 and i.
10
Suppose 16*c - 14*c - 16 = 0. Suppose 0 = -f - 0*f. Let v = 6 - f. What is the greatest common factor of v and c?
2
Suppose 0 = 21*v - 16854 - 19749. What is the greatest common divisor of v and 42?
21
Let s = 0 + 8. Suppose 89*u - 87212 = -39508. Calculate the highest common factor of s and u.
8
Let m(v) = 7*v**2 - 3*v - 4. Let b be m(4). Let z = -93 + b. Let c be (2*(-3)/z)/((-4)/26). What is the highest common divisor of c and 13?
13
Let c be 4*-42*(-5)/35. Calculate the highest common factor of c and 1444.
4
Let z be (87 - 1) + (-6)/3. Suppose -2*q + 4 = -z. Let m be (-134)/(-4) + 24/(-48). Calculate the highest common factor of m and q.
11
Let r(d) = d**2 + 11*d - 4. Let s be r(-14). What is the greatest common divisor of 608 and s?
38
Suppose 0 = -i - 3*q + 152, 0 = 4*i + 5*q + 268 - 904. What is the greatest common divisor of i and 1025?
41
Suppose 61 = a - 3*y, 125 = 8*a - 6*a - 3*y. Calculate the greatest common divisor of 1472 and a.
64
Let r(h) = -672*h**3 - 81*h**2 - 230*h + 4. Let o be r(-3). What is the highest common divisor of 7 and o?
7
Suppose -692*t + 695*t - 40626 = -5*f, f = -6. Calculate the highest common factor of t and 462.
154
Suppose 3*x - 5*n - 65 = 0, -3*x - 11*n = -6*n - 55. What is the greatest common factor of x and 540?
20
Let f = -5399 - -5516. Calculate the greatest common divisor of f and 63.
9
Suppose 26*i = -l + 28*i, -3*l - i + 28 = 0. Let d(f) = -2*f - 4. Let b be d(-3). Suppose y = -b*y + 60. What is the greatest common factor of y and l?
4
Suppose -6*q + 28 = 8*q. Suppose 5*n + 3*p = 249, 4*p - 47 = -n + q*p. Let x = n - 36. Calculate the highest common divisor of 3 and x.
3
Let z be 3 - (-1039)/17 - (-12)/(-102). Suppose 148 - z = 14*v. What is the greatest common divisor of v and 192?
6
Let r(b) = -9*b**2 + 290*b - 31. Let p be r(31). Let t = 25 + -15. What is the greatest common factor of t and p?
10
Let t = -972 - -1719. Suppose 757*y - t*y = 4300. What is the highest common divisor of y and 10?
10
Suppose -11 + 7 = -2*c. Suppose -3*j + 3*b - 200 = 49, j - c*b + 88 = 0. Let z = j + 88. What is the greatest common factor of z and 110?
10
Let k(o) = -2*o**2 + 14*o - 22. Let n be k(2). Let j be (-21)/14 - n/4*-1. Let g be (16/10)/(j/(-15)). What is the highest common divisor of g and 8?
4
Let g(f) be the second derivative of -5*f**3/2 + 2*f. Let l be g(-1). Suppose 2803 + 2327 = 57*z. Calculate the greatest common divisor of z and l.
15
Let u(d) = 2*d**2 - 4*d + 2. Let j be u(1). Suppose 0 = -z - j*b - 5*b + 40, 3*z - 5*b = 60. What is the greatest common divisor of z and 200?
25
Suppose -h - u + 11 = 0, 3*u - 10 = 5. Let i be -39 - -480 - (1 + -1 + h). Calculate the highest common factor of i and 5.
5
Let h = -1 + 3. Let q be 1/(-3*(-3)/(-891)) - -2. Let z = q - -99. Calculate the greatest common factor of z and h.
2
Let b = 2 - -3. Suppose 5*p - 269 - 11 = b*y, -280 = -5*p + 3*y. Let a = 22311 - 22295. Calculate the highest common factor of p and a.
8
Let l = 20 - 16. Let r be 0 + (3 - l) + 0. Let d be r + 4 + 91 + -13. Calculate the highest common divisor of 27 and d.
27
Let p be (4/(-3))/(18/(-27)). Suppose 7*z - p - 68 = 0. Calculate the greatest common factor of z and 310.
10
Let h be (30/(-7))/((-93)/1519). Suppose s - 4*s + 60 = 0. What is the greatest common factor of h and s?
10
Let z = -1513 - -2013. What is the greatest common factor of 100 and z?
100
Let c(z) = -4*z - 43. Let o be c(-37). Suppose -171 = 96*s - o*s. What is the highest common factor of 133 and s?
19
Let g = -19514 - -19553. What is the highest common factor of g and 3731?
13
Suppose -5*s = 4*c - s - 3712, -3718 = -4*c - 2*s. Calculate the greatest common factor of c and 76.
19
Suppose 0 = -214*y + 221*y - 77. Suppose 0 = -s + y*a - 6*a + 50, 0 = s - 4*a - 52. Calculate the greatest common divisor of 192 and s.
12
Suppose 3 = m + 1. Suppose 5*h = -m*d + d - 136, -5*h = -2*d - 197. Let p = d + 273. What is the highest common factor of 18 and p?
18
Let j(w) = -48*w + 248. Let n be ((-2)/(-6))/(1/((-30)/(-2))). Let f be j(n). Let s be (-4)/10 - 164/(-10). What is the highest common divisor of s and f?
8
Let s = 9637 + -9574. Calculate the greatest common factor of 4977 and s.
63
Suppose 3*r = 3*l + 543, -2*r + 7*l - 4*l = -359. Suppose 3*s - r - 248 = 0. Suppose 52 - 16 = 2*g. What is the greatest common factor of g and s?
18
Let l = -22077 + 23299. What is the highest common factor of l and 26?
26
Suppose -16*i = 102*i - 268922. Calculate the greatest common factor of 530 and i.
53
Suppose 253*g - 254*g = -10*t - 1223, t = 2*g - 2484. What is the highest common factor of g and 565?
113
Suppose -170 = 2*c + 3*c. Let w = c - -36. Suppose -50 = -w*n + 8. What is the greatest common factor of n and 261?
29
Let l = -8 - -18. Let q(w) = -264*w - 1006. Let g be q(-4). Calculate the greatest common factor of l and g.
10
Let k be 1008/(-1680)*(-186 - -1). Suppose 22 = v - 15. What is the greatest common factor of v and k?
37
Let p = 36366 + -24845. Calculate the greatest common divisor of 82 and p.
41
Suppose -v - 6*v = 0. Suppose -7*y = -v*y - 35. Let g be y/1 + (0 + -4 - -5). Calculate the highest common divisor of 42 and g.
6
Let p(j) = -5*j**2 - 69*j - 186. Let f be p(-9). Suppose 5*u - 4*i - 1480 = u, 4*i = 3*u - 1105. What is the greatest common divisor of f and u?
15
Let r(y) = -y**3 + 2*y**2 + 4*y + 3. Let f be r(3). Let b be (f/(-9) - 154/(-33)) + 4. Calculate the highest common divisor of 248 and b.
8
Suppose 4*w + 4*o = 348, 32 = w + 4*o - 55. Let y(m) = -4*m**3 + 82*m**2 - 233*m - 82. Let i be y(17). What is the greatest common factor of w and i?
3
Let t be 37 + 11 + 1/1. Let a be 308/t + 4/(-14). Let o = 6 + 0. What is the greatest common factor of a and o?
6
Suppose -155*w - 58*w = -7242. What is the greatest common factor of w and 2499?
17
Let x be (5214/176 - 6/(-16))*6. Calculate the highest common factor of 1152 and x.
36
Let s = -132 + 157. Let y be s - ((-2)/4)/((-4)/(-8)). What is the greatest common divisor of 104 and y?
26
Let k(c) = -13*c + 54. Let w(d) = 30*d - 109. Let r(p) = -5*k(p) - 3*w(p). Let h be r(-5). What is the highest common factor of h and 39?
13
Let q(d) = 326*d - 53. Let y be q(1). What is the highest common factor of y and 1281?
21
Let c = 215 - 64. Suppose -r + c = 3*k, -k = 3*r - 215 - 262. Calculate the greatest common factor of r and 64.
32
Let h(c) = 279*c + 13211. Let p be h(-47). Calculate the greatest common divisor of p and 10976.
98
Let y = 65011 - 64995. Suppose 2*i = 4*v + v + 68, 0 = 5*i + 3*v - 108. Let f = 40 - i. Calculate the highest common divisor of y and f.
16
Let z = 3158 + -2978. Calculate the greatest common factor of 880 and z.
20
Let p(u) = 10*u**2 - 3*u + 3. Let h be p(1). Suppose 0 = 130*q - 132*q + h. What is the highest common factor of 160 and q?
5
Let n be -171*(170/90 + -2). What is the highest common factor of 14611 and n?
19
Let n(l) = 11*l - 33. Let r be n(16). Suppose 3*v - 151 = -3*b + r, -5*v + 445 = -4*b. Suppose -8*g + 5*g = -v. What is the highest common divisor of g and 217?
31
Suppose 9 = -3*o, 1 + 11 = 2*c - 2*o. Suppose 3*a - 5*l - 93 = 0, c*a -